emainder when 388172819 is divided by 1189?
1178
Calculate the remainder when 7038955 is divided by 633.
628
Calculate the remainder when 94217524 is divided by 78.
76
Calculate the remainder when 350256 is divided by 755.
691
What is the remainder when 3911477 is divided by 3911269?
208
Calculate the remainder when 9461 is divided by 3965.
1531
What is the remainder when 43341 is divided by 1799?
165
What is the remainder when 602270 is divided by 100345?
200
What is the remainder when 35703 is divided by 2217?
231
What is the remainder when 1013354 is divided by 148?
146
What is the remainder when 654665 is divided by 54?
23
What is the remainder when 18676 is divided by 23?
0
Calculate the remainder when 33278 is divided by 2555.
63
What is the remainder when 57901 is divided by 18865?
1306
What is the remainder when 18674 is divided by 2062?
116
Calculate the remainder when 72028 is divided by 5030.
1608
Calculate the remainder when 5899586 is divided by 5899516.
70
Calculate the remainder when 8416 is divided by 1680.
16
What is the remainder when 4915032 is divided by 48?
24
Calculate the remainder when 4257306 is divided by 1064307.
78
What is the remainder when 27783670 is divided by 793819?
5
Calculate the remainder when 7701532 is divided by 212.
208
What is the remainder when 382260 is divided by 364?
60
What is the remainder when 12728709 is divided by 62703?
0
What is the remainder when 21572391 is divided by 41?
36
Calculate the remainder when 47617 is divided by 721.
31
What is the remainder when 2112689 is divided by 1289?
18
What is the remainder when 476314 is divided by 897?
7
Calculate the remainder when 29121792 is divided by 2171.
2169
Calculate the remainder when 25284928 is divided by 1714.
0
Calculate the remainder when 1890686 is divided by 5.
1
Calculate the remainder when 361567 is divided by 45138.
463
Calculate the remainder when 14590003 is divided by 52.
51
Calculate the remainder when 128386918 is divided by 2056.
2054
What is the remainder when 7791225 is divided by 62?
57
Calculate the remainder when 164978929 is divided by 93.
91
Calculate the remainder when 5105404 is divided by 78544.
44
Calculate the remainder when 2160764 is divided by 270095.
4
What is the remainder when 178140579 is divided by 21619?
19
Calculate the remainder when 15134397 is divided by 36.
33
What is the remainder when 86510795 is divided by 453?
26
Calculate the remainder when 398902 is divided by 199060.
782
What is the remainder when 200629 is divided by 4552?
341
What is the remainder when 51803731 is divided by 245?
196
What is the remainder when 95368 is divided by 94582?
786
What is the remainder when 16576145 is divided by 48?
17
Calculate the remainder when 1390156 is divided by 6781.
51
Calculate the remainder when 20861316 is divided by 431.
54
What is the remainder when 37422702 is divided by 176?
174
Calculate the remainder when 686329 is divided by 1352.
865
What is the remainder when 353340 is divided by 763?
71
What is the remainder when 156131 is divided by 5574?
59
What is the remainder when 474028063 is divided by 18?
7
Calculate the remainder when 975332 is divided by 21.
8
What is the remainder when 47553070 is divided by 7167?
25
Calculate the remainder when 18395305 is divided by 73288.
17
Calculate the remainder when 472498 is divided by 472408.
90
Calculate the remainder when 475911 is divided by 158548.
267
What is the remainder when 245765582 is divided by 119?
118
Calculate the remainder when 97732743 is divided by 55.
53
Calculate the remainder when 34253683 is divided by 2634898.
9
Calculate the remainder when 4480 is divided by 322.
294
What is the remainder when 779200 is divided by 585?
565
Calculate the remainder when 2897909 is divided by 283.
272
What is the remainder when 1475591 is divided by 491642?
665
Calculate the remainder when 6286789 is divided by 638.
575
Calculate the remainder when 124994 is divided by 9553.
805
What is the remainder when 94285884 is divided by 17?
8
What is the remainder when 1380554 is divided by 4483?
4273
Calculate the remainder when 3282398 is divided by 50497.
93
What is the remainder when 9353273 is divided by 1870644?
53
What is the remainder when 873047 is divided by 1724?
703
What is the remainder when 2174627 is divided by 26200?
27
What is the remainder when 498857 is divided by 3091?
1206
What is the remainder when 263230 is divided by 87684?
178
Calculate the remainder when 764764 is divided by 470.
74
What is the remainder when 22888613 is divided by 14?
13
What is the remainder when 109698 is divided by 669?
651
Calculate the remainder when 4492325 is divided by 1044.
1037
Calculate the remainder when 1109681 is divided by 277414.
25
What is the remainder when 15135 is divided by 14514?
621
What is the remainder when 69202 is divided by 8534?
930
Calculate the remainder when 50280 is divided by 45916.
4364
Calculate the remainder when 1463993 is divided by 731883.
227
Calculate the remainder when 4378417 is divided by 27711.
79
Calculate the remainder when 73063432 is divided by 4297848.
16
Calculate the remainder when 1105336 is divided by 962.
960
What is the remainder when 25656 is divided by 6407?
28
What is the remainder when 239500 is divided by 239479?
21
Calculate the remainder when 10580658 is divided by 259.
249
What is the remainder when 104041 is divided by 125?
41
What is the remainder when 1638997 is divided by 145?
62
What is the remainder when 26142972 is divided by 4357162?
0
Calculate the remainder when 109707492 is divided by 1598.
1596
What is the remainder when 239177 is divided by 8009?
6916
What is the remainder when 5710985 is divided by 29438?
13
What is the remainder when 1279256 is divided by 3924?
32
Calculate the remainder when 5377719 is divided by 57.
54
Calculate the remainder when 697801 is divided by 10550.
1501
What is the remainder when 1029996 is divided by 2441?
2335
Calculate the remainder when 5024936 is divided by 2347.
9
Calculate the remainder when 119595 is divided by 58574.
2447
Calculate the remainder when 2344317 is divided by 990.
987
Calculate the remainder when 203438 is divided by 11435.
9043
What is the remainder when 9214571 is divided by 247?
236
Calculate the remainder when 3552621 is divided by 2893.
17
What is the remainder when 417667 is divided by 59661?
40
What is the remainder when 25356 is divided by 166?
124
Calculate the remainder when 1872604 is divided by 256.
220
What is the remainder when 915091 is divided by 891?
34
Calculate the remainder when 76273 is divided by 517.
274
What is the remainder when 13142408 is divided by 31217?
51
Calculate the remainder when 23193306 is divided by 950.
6
Calculate the remainder when 13696549 is divided by 882.
853
Calculate the remainder when 4694202 is divided by 477.
45
Calculate the remainder when 10638 is divided by 24.
6
Calculate the remainder when 8683567 is divided by 133.
130
What is the remainder when 808327 is divided by 35142?
61
Calculate the remainder when 5764370 is divided by 2882145.
80
What is the remainder when 8177 is divided by 1957?
349
Calculate the remainder when 3719681 is divided by 32917.
60
What is the remainder when 1798959 is divided by 97?
94
What is the remainder when 29208 is divided by 29189?
19
What is the remainder when 96854 is divided by 31833?
1355
Calculate the remainder when 9967996 is divided by 6927.
43
What is the remainder when 2490977 is divided by 1650?
1127
Calculate the remainder when 271402 is divided by 110.
32
Calculate the remainder when 8533 is divided by 119.
84
What is the remainder when 190385615 is divided by 579?
572
Calculate the remainder when 60960 is divided by 12048.
720
Calculate the remainder when 136158127 is divided by 1914.
1909
Calculate the remainder when 169649096 is divided by 134.
4
Calculate the remainder when 3820069 is divided by 178.
11
What is the remainder when 3110489 is divided by 347?
328
Calculate the remainder when 323366757 is divided by 3907.
3902
What is the remainder when 283169 is divided by 679?
26
Calculate the remainder when 1615457 is divided by 4720.
1217
What is the remainder when 195669 is divided by 1460?
29
What is the remainder when 1646701 is divi